g = 21 + -18. Suppose -4*w + 902 - 332 = g*o, -2*o - 580 = -4*w. What is the highest common factor of 16 and w?
16
Suppose -2*h + 4 = -4, 3*h + 120 = 4*c. Let g = c + -9. What is the highest common divisor of g and 168?
24
Let s(t) = -t + 25. Let k be s(-33). What is the highest common divisor of k and 638?
58
Suppose -4*a + 42 - 6 = 0. Suppose 99 = -0*t + t + k, 3*t = -4*k + 297. Calculate the greatest common divisor of a and t.
9
Suppose 13 = f - 5*j, -2*j + 91 = 3*f - 4*j. What is the highest common factor of f and 3?
3
Suppose -2*s = -0*s - 14. Let t be 1124/14 + (-2)/s. Calculate the greatest common factor of 16 and t.
16
Let x = -9 + 13. Suppose x*b + 20 = 4*n, b = 3*b - 8. Suppose 4*z = 9 + 27. What is the greatest common divisor of z and n?
9
Suppose 0*j - j = 18. Let x = 50 - j. Suppose -x = -3*b - 5*d, -2*b - 5*d + 120 = 3*b. Calculate the greatest common factor of b and 104.
26
Suppose -126 = -c - 2*c. What is the highest common factor of c and 6?
6
Let i be 6/9*(0 + 6). Suppose i*m - 364 = -0*m. Let f be 11 + (2 - 0/1). What is the greatest common factor of f and m?
13
Suppose -5*l - 3*o = 12 - 123, 27 = l - o. Suppose -2*r + l + 76 = 0. Let a(k) = 4*k + 5. Let f be a(5). What is the greatest common divisor of r and f?
25
Suppose -153 = -5*r - s, 4*r - 4*s - 42 - 66 = 0. What is the greatest common divisor of r and 6?
6
Let w = 381 + -271. Suppose -3*g + h + 18 = 2*g, -3*h - 15 = -2*g. Suppose -20 = -g*b + 10. Calculate the highest common factor of w and b.
10
Let r = 4 + -2. Let k be 72/28 + -3 - 34/(-14). Calculate the highest common divisor of r and k.
2
Let v be (-1 - -19)*(-1 - -3). Let c be (-10)/3*v/(-30). Suppose o + 56 = 5*t - 1, -12 = -2*t + c*o. What is the greatest common factor of t and 84?
12
Let u(y) = -9*y**2 + 3. Let r be u(3). Let d = -23 - r. Suppose -2*v = -v - 11. Calculate the highest common divisor of d and v.
11
Let x be (0 + (-14)/(-6))/(2/12). What is the highest common divisor of x and 2?
2
Let n(p) = p**2 + p**2 - 2 + 3*p**2 + 2*p**2 + 8*p. Let j be n(-5). What is the greatest common divisor of 19 and j?
19
Let t(f) = f**3 + 19*f**2 + 2. Let g be t(-19). Calculate the greatest common factor of g and 50.
2
Let w = -28 + 0. Let b = w - -46. Calculate the highest common divisor of b and 54.
18
Let u be (1 - 3)*1/2. Let d = u + -4. Let s be (d - -3) + (-6)/(-2). Calculate the greatest common factor of s and 3.
1
Let k be 2/(-7) - (-772)/7. Calculate the highest common divisor of k and 10.
10
Suppose 21 = -3*f + 6*f. Let z = f - 5. Calculate the greatest common factor of 18 and z.
2
Let h be (3 - 0)*(-13)/(-39). Let s be 63/6 - 1/(-2). Calculate the highest common divisor of h and s.
1
Let z be 60/(-8)*126/(-35). What is the greatest common divisor of 81 and z?
27
Let x(m) = 2*m - 12. Suppose 0 = 2*y - 3*y + 8. Let g be x(y). Suppose -16 = g*v, 4*v + 30 + 31 = 3*b. What is the greatest common factor of 15 and b?
15
Let z(g) = -g**3 - 5*g**2 + 5*g + 3. Let t be z(-6). Let j(s) = 2*s - 12. Let c be j(t). Calculate the highest common factor of c and 9.
3
Let a be 15*(-4 + 44/6). Calculate the greatest common factor of a and 20.
10
Suppose 4*c = -c - 5*y - 60, 0 = -5*c + 4*y - 60. Let q be 4/(c/9) + 14. What is the greatest common divisor of 22 and q?
11
Let w(z) = -z**2 - 3*z + 3. Let j be w(-4). Let o be j*6/(-2 - -1). Calculate the highest common factor of 24 and o.
6
Suppose p - 4*j + 3*j - 108 = 0, 3*j - 12 = 0. What is the greatest common factor of p and 32?
16
Suppose -15*o + 16*o - 90 = 0. What is the highest common divisor of o and 18?
18
Suppose -f = 3*q, 0 = -5*f - 4*q + 81 - 26. Let g(r) = r + 12. Let u be g(-5). Let x = 12 - u. What is the greatest common factor of x and f?
5
Let o(l) = -l + 1. Let d be o(0). Suppose 0 = 4*h - 5*b - 5, 2*b - 14 = -h - 3. What is the highest common divisor of h and d?
1
Let x be 5166/28 + (-1)/(-2). What is the highest common factor of 74 and x?
37
Let a(q) = -2*q + 4. Let f be a(-4). What is the greatest common factor of f and 84?
12
Let s(k) = -11*k - 1. Let l be s(-2). Let c = l + -8. Suppose -156 = -4*w + 52. Calculate the greatest common factor of w and c.
13
Suppose -7*o - 576 = -9*o. Calculate the greatest common divisor of 36 and o.
36
Suppose 0 = -8*g + 5*g + 24. Calculate the greatest common factor of g and 12.
4
Suppose 3*i + i = 16. Let z(v) = 4*v + 2. Let n be z(i). Calculate the greatest common factor of 18 and n.
18
Suppose -4*b = 5*d - 273, -201 = -4*d + 4*b + 3. Suppose -7 = -4*m + d. Let l = -1 + m. Calculate the highest common factor of 70 and l.
14
Let l = 20 + -9. Let s = l + -5. Let v be ((-4)/s)/(1/(-27)). Calculate the greatest common factor of 27 and v.
9
Let l(s) = s**2 + 6*s - 9. Let i(f) = f**2 + 5*f - 10. Let v(w) = -6*i(w) + 5*l(w). Let a be v(0). Calculate the highest common factor of a and 30.
15
Suppose 3*t + f - 2 = 12, 2*f = 2*t - 20. Let c(w) = -w**2 - 3*w + 3. Let u be c(-3). What is the highest common factor of u and t?
3
Let f = 2 + 185. What is the greatest common factor of 17 and f?
17
Let o(r) = -r**2 - 4*r + 4. Let v be o(6). Let p = v + 100. Suppose 6*g - 79 = -13. Calculate the greatest common divisor of p and g.
11
Suppose -l + 0*l - 5*c - 9 = 0, 2*l - 3*c - 8 = 0. Suppose v - 2*v + 2 = 0. Calculate the greatest common divisor of l and v.
1
Let k(m) = -m**3 - m**2 + 6*m - 7. Let b = -5 - 0. Let l be k(b). What is the greatest common factor of l and 9?
9
Let u(h) = -h**3 - 5*h**2 + h + 3. Let j be u(-5). Let i be 6/12 + (-1)/j. Calculate the highest common factor of i and 9.
1
Suppose -o + 13 = -2*i - 3, 0 = 2*i. What is the highest common factor of 32 and o?
16
Let y(c) = -c**3 + 8*c**2 + 3*c + 9. Let w = 8 + -1. Let m be y(w). Let q be (1 - m)/((-3)/4). Calculate the greatest common divisor of 13 and q.
13
Let t be 3/(3/(-5)) + 1. Let q(j) = 10*j - 1. Let m be q(2). Let d = t + m. Calculate the highest common divisor of 5 and d.
5
Let f = 8 - 6. Suppose -3 = 3*z - f*z + 2*v, 3*z - 3*v - 36 = 0. What is the highest common divisor of 7 and z?
7
Let u(m) = -m**3 - 6*m**2 - 6*m + 3. Let h be u(-5). Suppose h*d = 6*d + 32. Calculate the greatest common factor of d and 144.
16
Suppose -3*q - 2*q = -v + 3, 0 = 3*v + q - 25. Let s(m) = m + 3*m**2 - 2*m - v + 3. Let r be s(4). What is the highest common divisor of 13 and r?
13
Suppose 2*x = 4*g + 18, 2*x = 5*g - 1 + 20. Suppose 6*y = 34 + 344. Calculate the greatest common factor of x and y.
7
Let p be 10/1 - (-4)/(-2). Suppose -p - 40 = 4*w. Let n = -6 - w. What is the highest common factor of n and 24?
6
Suppose 2 = 2*v - 4. Suppose -76 = -v*q - 10. What is the greatest common divisor of q and 2?
2
Suppose -192 = 29*g - 32*g. Calculate the highest common factor of 160 and g.
32
Let f be 1 - (-2)/(-4)*-278. Suppose 5*h - j - f = 4*j, 3*h = -2*j + 64. Calculate the highest common factor of 192 and h.
24
Let f(t) = 93*t**2 - 3*t + 3. Let x be f(2). Suppose -x = -3*c - 3*l + 30, -5*l = 15. Let y be c/12 + 1/(-3). What is the greatest common factor of y and 77?
11
Suppose 0 = s + 4*o - 32, 0 = -2*s + o + 29 - 10. Suppose 3*b - 6*b = -s. Let h be 18 - (-8)/(4 - 0). What is the highest common divisor of h and b?
4
Let k be (-2)/(-13) - 315/(-65). Suppose -k*g - 3*l + 135 = -8*l, 0 = -2*g - 2*l + 34. What is the greatest common factor of g and 11?
11
Suppose -3*n + 90 = -n. Suppose -2*i + 240 = 2*i - 5*o, i - 60 = -3*o. Suppose 5*l = l + i. What is the greatest common factor of l and n?
15
Suppose 2*a + 0*k = 3*k + 463, -5*a = 2*k - 1110. Calculate the greatest common divisor of a and 28.
28
Suppose -z - 23 = -4*b - 0*z, 2*b - 2*z - 4 = 0. Suppose 0*u - 7 = -u. Calculate the highest common divisor of u and b.
7
Suppose c - 22 = 4*w, -c + 12 = -0*c - 2*w. Suppose c*q = -3*j + j + 52, 3*j = -4*q + 105. Calculate the highest common factor of 18 and q.
9
Let w(t) = 7*t**2 + 27*t - 29. Let l(p) = 11*p**2 + 41*p - 43. Let c(i) = -5*l(i) + 8*w(i). Let g be c(-13). What is the greatest common divisor of g and 27?
9
Let a = -183 + 279. Calculate the greatest common factor of 32 and a.
32
Suppose t - p = -4*p - 8, -p - 26 = -3*t. Calculate the highest common divisor of 49 and t.
7
Let o(g) = -g**2 + 7*g**3 - 6 - 5*g**3 - 3*g - 6*g**2 + g**2. Let w be o(6). Calculate the greatest common facto